{"id":4502,"date":"2025-03-25T14:26:31","date_gmt":"2025-03-25T19:26:31","guid":{"rendered":"https:\/\/ci-tesco.com\/?product=sm919-38-maquina-de-union-ultra-sonica-confeccion"},"modified":"2025-03-26T15:33:17","modified_gmt":"2025-03-26T20:33:17","slug":"sm919-38-maquina-de-union-ultra-sonica-confeccion","status":"publish","type":"product","link":"https:\/\/ci-tesco.com\/?product=sm919-38-maquina-de-union-ultra-sonica-confeccion","title":{"rendered":"SM919-38 M\u00e1quina de uni\u00f3n ultras\u00f3nica CONFECCION"},"content":{"rendered":"<p><a href=\"https:\/\/drive.google.com\/file\/d\/101miVMRskD-7UUuw-Yil1HOILvUSsV8G\/view?usp=sharing\">Ficha t\u00e9cnica<\/a><\/p>\n","protected":false},"excerpt":{"rendered":"<p>SM919-38 M\u00e1quina de union ultra sonica CONFECCION<\/p>\n","protected":false},"featured_media":4504,"template":"","meta":[],"product_brand":[],"product_cat":[191],"product_tag":[349,335,337,347,344,343,353,332,328,354,341,345,348,333,331,340,336,342,329,346,350,330,338,352,339,334,351],"class_list":{"0":"post-4502","1":"product","2":"type-product","3":"status-publish","4":"has-post-thumbnail","6":"product_cat-maquinarai-y-equipos","7":"product_tag-como-funciona-la-maquina-de-coser-ultrasonica","8":"product_tag-corte-ultrasonico-para-tejidos-sinteticos","9":"product_tag-costura-y-corte-ultrasonico","10":"product_tag-cuanto-vale-una-de-ultrasonido","11":"product_tag-maquina-de-coser-por-ultrasonido","12":"product_tag-maquina-de-costura-por-ultrasonido","13":"product_tag-maquina-de-encaje-ultrasonica-de-alta-frecuencia","14":"product_tag-maquina-de-encaje-y-tela-ultrasonicas","15":"product_tag-maquina-de-soldadura-ultrasonica","16":"product_tag-maquina-de-soldadura-ultrasonica-para-textiles","17":"product_tag-maquina-de-ultrasonido","18":"product_tag-maquina-de-ultrasonido-especial-para-unir-piezas-de-textil","19":"product_tag-maquina-de-ultrasonido-precio","20":"product_tag-maquina-de-union-de-tela-ultrasonica","21":"product_tag-maquina-de-union-de-telas","22":"product_tag-maquina-para-coser-ultrasonido","23":"product_tag-maquina-ultrasonica-avanzada-para-union-textil","24":"product_tag-maquina-ultrasonido-para-bolsas-ecologicas","25":"product_tag-maquina-ultrasonido-para-coser","26":"product_tag-maquina-ultrasonido-recta","27":"product_tag-que-son-las-maquinas-ultrasonicas","28":"product_tag-sistema-giratorio-de-union-y-costura","29":"product_tag-tecnologia-de-confeccion","30":"product_tag-tecnologia-de-costura-por-rueda-ultrasonica","31":"product_tag-ultrasonico-maquina-union-tejidos","32":"product_tag-ultrasonido-maquinaria-textil","33":"product_tag-union-ultrasonica","35":"first","36":"instock","37":"taxable","38":"shipping-taxable","39":"product-type-simple"},"_links":{"self":[{"href":"https:\/\/ci-tesco.com\/index.php?rest_route=\/wp\/v2\/product\/4502","targetHints":{"allow":["GET"]}}],"collection":[{"href":"https:\/\/ci-tesco.com\/index.php?rest_route=\/wp\/v2\/product"}],"about":[{"href":"https:\/\/ci-tesco.com\/index.php?rest_route=\/wp\/v2\/types\/product"}],"wp:featuredmedia":[{"embeddable":true,"href":"https:\/\/ci-tesco.com\/index.php?rest_route=\/wp\/v2\/media\/4504"}],"wp:attachment":[{"href":"https:\/\/ci-tesco.com\/index.php?rest_route=%2Fwp%2Fv2%2Fmedia&parent=4502"}],"wp:term":[{"taxonomy":"product_brand","embeddable":true,"href":"https:\/\/ci-tesco.com\/index.php?rest_route=%2Fwp%2Fv2%2Fproduct_brand&post=4502"},{"taxonomy":"product_cat","embeddable":true,"href":"https:\/\/ci-tesco.com\/index.php?rest_route=%2Fwp%2Fv2%2Fproduct_cat&post=4502"},{"taxonomy":"product_tag","embeddable":true,"href":"https:\/\/ci-tesco.com\/index.php?rest_route=%2Fwp%2Fv2%2Fproduct_tag&post=4502"}],"curies":[{"name":"wp","href":"https:\/\/api.w.org\/{rel}","templated":true}]}}