{"id":3957,"date":"2024-10-18T15:26:11","date_gmt":"2024-10-18T20:26:11","guid":{"rendered":"https:\/\/ci-tesco.com\/?page_id=3957"},"modified":"2024-10-31T13:04:56","modified_gmt":"2024-10-31T18:04:56","slug":"acabados","status":"publish","type":"page","link":"https:\/\/ci-tesco.com\/?page_id=3957","title":{"rendered":"Acabados"},"content":{"rendered":"<p>[vc_row][vc_column][vc_column_text]M\u00e1quinas para el planchado de prendas de tejido de punto utilizando vapor, planchas a vapor, zapatos para planchas, mesas con generaci\u00f3n de vac\u00edo para el planchado de todo tipo de tejidos, revisadoras de telas r\u00edgidas y el\u00e1sticas, te\u00f1idoras de cintas, sistemas topper para el planchado de pantalones.[\/vc_column_text][\/vc_column][\/vc_row]<\/p>\n","protected":false},"excerpt":{"rendered":"<p>[vc_row][vc_column][vc_column_text]M\u00e1quinas para el planchado de prendas de tejido de punto utilizando vapor, planchas a vapor, zapatos para planchas, mesas con generaci\u00f3n de vac\u00edo para el planchado de todo tipo de<\/p>\n","protected":false},"author":12,"featured_media":0,"parent":0,"menu_order":0,"comment_status":"closed","ping_status":"closed","template":"","meta":{"footnotes":""},"class_list":["post-3957","page","type-page","status-publish","hentry"],"_links":{"self":[{"href":"https:\/\/ci-tesco.com\/index.php?rest_route=\/wp\/v2\/pages\/3957","targetHints":{"allow":["GET"]}}],"collection":[{"href":"https:\/\/ci-tesco.com\/index.php?rest_route=\/wp\/v2\/pages"}],"about":[{"href":"https:\/\/ci-tesco.com\/index.php?rest_route=\/wp\/v2\/types\/page"}],"author":[{"embeddable":true,"href":"https:\/\/ci-tesco.com\/index.php?rest_route=\/wp\/v2\/users\/12"}],"replies":[{"embeddable":true,"href":"https:\/\/ci-tesco.com\/index.php?rest_route=%2Fwp%2Fv2%2Fcomments&post=3957"}],"version-history":[{"count":7,"href":"https:\/\/ci-tesco.com\/index.php?rest_route=\/wp\/v2\/pages\/3957\/revisions"}],"predecessor-version":[{"id":4213,"href":"https:\/\/ci-tesco.com\/index.php?rest_route=\/wp\/v2\/pages\/3957\/revisions\/4213"}],"wp:attachment":[{"href":"https:\/\/ci-tesco.com\/index.php?rest_route=%2Fwp%2Fv2%2Fmedia&parent=3957"}],"curies":[{"name":"wp","href":"https:\/\/api.w.org\/{rel}","templated":true}]}}