{"id":1042,"date":"2019-06-01T05:38:36","date_gmt":"2019-06-01T05:38:36","guid":{"rendered":"https:\/\/kapee.presslayouts.com\/dummy\/?page_id=1042"},"modified":"2024-10-18T14:28:11","modified_gmt":"2024-10-18T19:28:11","slug":"quienes-somos","status":"publish","type":"page","link":"https:\/\/ci-tesco.com\/?page_id=1042","title":{"rendered":"Quienes Somos"},"content":{"rendered":"<p>[vc_row][vc_column width=\u00bb1\/2&#8243;][vc_single_image image=\u00bb2750&#8243; alignment=\u00bbcenter\u00bb][vc_column_text]<\/p>\n<h1 style=\"text-align: center;\">Valores Corporativos<\/h1>\n<p>[\/vc_column_text][vc_row_inner][vc_column_inner width=\u00bb1\/3&#8243;][vc_column_text]<\/p>\n<p style=\"text-align: center;\"><strong>Integridad<\/strong><\/p>\n<p style=\"text-align: center;\">Actuamos con honestidad y \u00e9tica en todas nuestras interacciones.<\/p>\n<p>[\/vc_column_text][\/vc_column_inner][vc_column_inner width=\u00bb1\/3&#8243;][vc_column_text]<\/p>\n<p style=\"text-align: center;\"><strong>Innovaci\u00f3n<\/strong><\/p>\n<p style=\"text-align: center;\">Buscamos constantemente nuevas formas de mejorar y crecer.<\/p>\n<p>[\/vc_column_text][\/vc_column_inner][vc_column_inner width=\u00bb1\/3&#8243;][vc_column_text]<\/p>\n<p style=\"text-align: center;\"><strong>Compromiso<\/strong><\/p>\n<p style=\"text-align: center;\">Nos dedicamos plenamente a satisfacer las necesidades de nuestros clientes.<\/p>\n<p>[\/vc_column_text][\/vc_column_inner][\/vc_row_inner][\/vc_column][vc_column width=\u00bb1\/2&#8243;][vc_column_text]Nuestra empresa fue fundada en el a\u00f1o 2004, desde entonces dedicamos nuestro trabajo a satisfacer las necesidades del mercado, para poder competir en el mundo globalizado con econom\u00edas abiertas, donde la competitividad y la productividad juegan un papel protag\u00f3nico en el desarrollo de las naciones y las comunidades.<\/p>\n<p>Nuestra disciplina de valor \u00bb Proveemos Soluciones \u00bb , la cual se apoya en herramientas de alta tecnolog\u00eda, buscando entregar a nuestros clientes productos y conocimiento, para que podamos hacer de su empresa un negocio altamente productivo y rentable.<\/p>\n<p>Con m\u00e1s de veinte a\u00f1os de experiencia hemos ampliado nuestro portafolio de productos buscando entregar las mejores soluciones a nuestros clientes.<\/p>\n<p>Nuestros socios estrat\u00e9gicos de pa\u00edses como Jap\u00f3n, China, Taiw\u00e1n, Corea, Alemania, Italia, Espa\u00f1a, Estados Unidos, entre otros, est\u00e1n listos para entender las necesidades y dar las soluciones adecuadas buscando la mejor relaci\u00f3n costo beneficio.<\/p>\n<p>Toda nuestra experiencia nos permite dar soluciones integrales que puedan llenar las expectativas de nuestros clientes.<\/p>\n<p>El conocimiento y experiencia de nuestro recurso humano, compuesto por un personal calificado y de una amplia experiencia est\u00e1 disponible para brindar soluciones integrales, analizando y optimizando ciclos y flujos de procesos para maximizar la rentabilidad de su negocio.[\/vc_column_text][\/vc_column][\/vc_row]<\/p>\n","protected":false},"excerpt":{"rendered":"<p>[vc_row][vc_column width=\u00bb1\/2&#8243;][vc_single_image image=\u00bb2750&#8243; alignment=\u00bbcenter\u00bb][vc_column_text] Valores Corporativos [\/vc_column_text][vc_row_inner][vc_column_inner width=\u00bb1\/3&#8243;][vc_column_text] Integridad Actuamos con honestidad y \u00e9tica en todas nuestras interacciones. [\/vc_column_text][\/vc_column_inner][vc_column_inner width=\u00bb1\/3&#8243;][vc_column_text] Innovaci\u00f3n Buscamos constantemente nuevas formas de mejorar y crecer. [\/vc_column_text][\/vc_column_inner][vc_column_inner<\/p>\n","protected":false},"author":12,"featured_media":0,"parent":0,"menu_order":0,"comment_status":"closed","ping_status":"closed","template":"","meta":{"footnotes":""},"class_list":["post-1042","page","type-page","status-publish","hentry"],"_links":{"self":[{"href":"https:\/\/ci-tesco.com\/index.php?rest_route=\/wp\/v2\/pages\/1042","targetHints":{"allow":["GET"]}}],"collection":[{"href":"https:\/\/ci-tesco.com\/index.php?rest_route=\/wp\/v2\/pages"}],"about":[{"href":"https:\/\/ci-tesco.com\/index.php?rest_route=\/wp\/v2\/types\/page"}],"author":[{"embeddable":true,"href":"https:\/\/ci-tesco.com\/index.php?rest_route=\/wp\/v2\/users\/12"}],"replies":[{"embeddable":true,"href":"https:\/\/ci-tesco.com\/index.php?rest_route=%2Fwp%2Fv2%2Fcomments&post=1042"}],"version-history":[{"count":63,"href":"https:\/\/ci-tesco.com\/index.php?rest_route=\/wp\/v2\/pages\/1042\/revisions"}],"predecessor-version":[{"id":3938,"href":"https:\/\/ci-tesco.com\/index.php?rest_route=\/wp\/v2\/pages\/1042\/revisions\/3938"}],"wp:attachment":[{"href":"https:\/\/ci-tesco.com\/index.php?rest_route=%2Fwp%2Fv2%2Fmedia&parent=1042"}],"curies":[{"name":"wp","href":"https:\/\/api.w.org\/{rel}","templated":true}]}}